umber?
True
Is 122819 a prime number?
True
Is 3415 composite?
True
Is 23891 a composite number?
True
Is 11993 prime?
False
Is 8059 a composite number?
False
Is 3127877 prime?
True
Is 17011 a prime number?
True
Is 529007 composite?
False
Is 12011 a prime number?
True
Is 253583 a prime number?
False
Is 419 prime?
True
Is 430343 composite?
False
Is 13517 composite?
True
Is 27203 a prime number?
False
Is 24049 a composite number?
False
Is 16319 prime?
True
Is 346739 a prime number?
True
Is 355 composite?
True
Is 70639 composite?
False
Is 3049 prime?
True
Is 5381 prime?
True
Is 65899 a prime number?
True
Is 1901 composite?
False
Is 68617 prime?
False
Is 17401 a composite number?
False
Is 269683 a composite number?
False
Is 237 a prime number?
False
Is 139703 composite?
False
Is 166373 a composite number?
True
Is 3551 a composite number?
True
Is 28687 a composite number?
False
Is 1895537 composite?
True
Is 14757 composite?
True
Is 27358 composite?
True
Is 9181 prime?
True
Is 2303263 composite?
False
Is 19531 composite?
False
Is 12713 a prime number?
True
Is 58537 a composite number?
False
Is 33899 a composite number?
True
Is 1743411 prime?
False
Is 599927 a prime number?
True
Is 284038 prime?
False
Is 359 composite?
False
Is 6421 prime?
True
Is 23651 composite?
True
Is 43481 prime?
True
Is 2098 composite?
True
Is 140669 prime?
False
Is 13459 a prime number?
False
Is 930379 a prime number?
True
Is 90299 prime?
False
Is 18098 composite?
True
Is 64451 prime?
True
Is 1926454 a prime number?
False
Is 50581 a prime number?
True
Is 1431713 prime?
True
Is 81085 a prime number?
False
Is 81331 prime?
True
Is 797871 prime?
False
Is 48449 a prime number?
True
Is 641549 a prime number?
True
Is 285878 a composite number?
True
Is 79658 a composite number?
True
Is 337397 composite?
False
Is 65827 a prime number?
True
Is 915911 a composite number?
False
Is 17569 composite?
False
Is 4987 a prime number?
True
Is 101551 composite?
True
Is 142501 a composite number?
False
Is 4245031 prime?
False
Is 137647 prime?
False
Is 8509 a composite number?
True
Is 4441 prime?
True
Is 67391 a composite number?
False
Is 17049 a prime number?
False
Is 56383 prime?
True
Is 593161 composite?
True
Is 487555 composite?
True
Is 64247 composite?
True
Is 316259 a composite number?
False
Is 468967 a composite number?
False
Is 5147 a prime number?
True
Is 170133 a prime number?
False
Is 786683 a composite number?
True
Is 887 composite?
False
Is 2063429 composite?
False
Is 189374 a prime number?
False
Is 9946 prime?
False
Is 895 prime?
False
Is 134131 composite?
True
Is 1561 a prime number?
False
Is 13609 prime?
False
Is 58841 a composite number?
True
Is 23597 prime?
False
Is 357113 prime?
False
Is 14785 composite?
True
Is 48221 a composite number?
False
Is 514931 a prime number?
False
Is 196585 a composite number?
True
Is 90329 composite?
True
Is 28349 a prime number?
True
Is 5039 prime?
True
Is 468019 composite?
False
Is 58321 a composite number?
False
Is 162389 a prime number?
True
Is 417523 a prime number?
True
Is 7331 a prime number?
True
Is 13657 a composite number?
True
Is 11629 composite?
True
Is 105751 composite?
False
Is 24595 prime?
False
Is 15817 composite?
False
Is 3155 a prime number?
False
Is 437 prime?
False
Is 947 a prime number?
True
Is 2153 prime?
True
Is 6359 a prime number?
True
Is 43073 composite?
True
Is 39535 a composite number?
True
Is 4535 a prime number?
False
Is 71293 a prime number?
True
Is 49233 a composite number?
True
Is 92347 a prime number?
True
Is 5774 a prime number?
False
Is 94567 composite?
True
Is 24169 prime?
True
Is 28837 a composite number?
False
Is 568481 a prime number?
True
Is 182057 composite?
False
Is 16861 prime?
False
Is 175091 prime?
False
Is 648187 composite?
True
Is 4153 a composite number?
False
Is 14957 prime?
True
Is 85001 composite?
True
Is 947217 a prime number?
False
Is 14107 a prime number?
True
Is 37585 a composite number?
True
Is 26603 a composite number?
True
Is 97793 a prime number?
False
Is 6623 a composite number?
True
Is 52519 prime?
False
Is 12149 prime?
True
Is 5513 prime?
False
Is 40693 composite?
False
Is 3150469 a composite number?
True
Is 331091 a composite number?
True
Is 45233 a prime number?
True
Is 37601 a prime number?
False
Is 454269 a prime number?
False
Is 1582109 prime?
True
Is 16183 a composite number?
False
Is 334751 prime?
True
Is 14779 a prime number?
True
Is 1902521 prime?
False
Is 10238 composite?
True
Is 14743 a composite number?
True
Is 14089 a composite number?
True
Is 24587 composite?
True
Is 946769 prime?
True
Is 11731 a composite number?
False
Is 199103 composite?
False
Is 29521 a prime number?
False
Is 19157 a prime number?
True
Is 13033 prime?
True
Is 47777 prime?
True
Is 7827 prime?
False
Is 63193 a composite number?
True
Is 19489 composite?
False
Is 214027 a prime number?
False
Is 279689 prime?
True
Is 41141 prime?
True
Is 1628618 prime?
False
Is 7033 a composite number?
True
Is 191491 composite?
False
Is 424453 composite?
True
Is 137829 a composite number?
True
Is 57919 prime?
False
Is 1053953 a composite number?
False
Is 365087 a composite number?
True
Is 300929 composite?
False
Is 587 composite?
False
Is 3133237 a prime number?
True
Is 203 prime?
False
Is 2447 composite?
False
Is 357367 composite?
True
Is 84239 a composite number?
False
Is 6887 composite?
True
Is 71191 a composite number?
False
Is 1471 composite?
False
Is 1278317 a prime number?
False
Is 11035 prime?
False
Is 9326 prime?
False
Is 50497 a composite number?
False
Is 124819 a prime number?
True
Is 5416379 a prime number?
True
Is 32707 prime?
True
Is 27361 a prime number?
True
Is 432191 a prime number?
False
Is 990707 a prime number?
True
Is 114107 composite?
True
Is 2333 a composite number?
False
Is 283369 a composite number?
False
Is 132017 prime?
False
Is 13049 a prime number?
True
Is 3293 a prime number?
False
Is 2208839 a composite number?
False
Is 16183 a composite number?
False
Is 3821 a prime number?
True
Is 31991 a composite number?
False
Is 1198661 a prime number?
True
Is 45887 a composite number?
False
Is 33622 composite?
True
Is 541459 prime?
False
Is 18859 prime?
True
Is 57037 prime?
True
Is 66311 a composite number?
True
Is 5051179 prime?
False
Is 537841 prime?
True
Is 15401 prime?
True
Is 2209 prime?
False
Is 43777 a composite number?
False
Is 14693 a composite number?
True
Is 13781 a composite number?
False
Is 1481 prime?
True
Is 148377 a composite number?
True
Is 3761 prime?
True
Is 96469 prime?
True
Is 1537 a prime number?
False
Is 1733 a prime number?
True
Is 38431 composite?
False
Is 37691 a prime number?
True
Is 374723 prime?
False
Is 117313 a prime number?
False
Is 1906 a composite number?
True
Is 253 prime?
False
Is 45053 composite?
False
Is 10831 a composite number?
False
Is 43939 a composite number?
True
Is 257 composite?
False
Is 91781 prime?
True
Is 61639 a prime number?
False
Is 13577 a composite number?
False
Is 49639 a composite number?
False
Is 49229 composite?
True
Is 6769 composite?
True
Is 1213427 prime?
True
Is 11617 a composite number?
False
Is 25291 a prime number?
False
Is 110711 a composite number?
False
Is 60719 a prime number?
True
Is 143053 composite?
False
Is 4583 a composite number?
False
Is 69457 a composite number?
False
Is 24253 prime?
False
Is 21661 composite?
False
Is 631667 a composite number?
False
Is 229199 a prime number?
True
Is 15259 a prime number?
True
Is 63719 a composite number?
False
Is 8767 a prime number?
False
Is 184369 prime?
True
Is 39927 a composite number?
True
Is 187799 composite?
True
Is 891349 a composite number?
False
Is 101081 a composite number?
False
Is 188869 prime?
True
Is 1174589 composite?
True
Is 9901 composite?
False
Is 75311 composite?
True
Is 18805 a composite number?
True
Is 172141 a composite number?
True
Is 2813 composite?
True
Is 159967 a prime number?
False
Is 113189 a composite number?
False
Is 24691 a prime number?
True
Is 414833 a composite number?
False
Is 262751 prime?
False
Is 19661 a prime number?
True
Is 76417 composite?
True
Is 35755 prime?
False
Is 37127 a prime number?
False
Is 1353747 prime?
False
Is 2398234 a composite number?
True
Is 7787 a prime number?
False
Is 725147 prime?
True
Is 556267 prime?
True
Is 101081 composite?
Fals